{"id":134,"date":"2016-11-01T12:43:11","date_gmt":"2016-11-01T11:43:11","guid":{"rendered":"http:\/\/www.lescargot-tranquille.fr\/?page_id=134"},"modified":"2016-11-01T12:43:11","modified_gmt":"2016-11-01T11:43:11","slug":"chantiers-participatifs","status":"publish","type":"page","link":"https:\/\/lescargot-tranquille.fr\/index.php\/chantiers-participatifs\/","title":{"rendered":"Chantiers participatifs"},"content":{"rendered":"<p>Certains d\u2019entre-vous souhaitent<strong> participer concr\u00e8tement \u00e0 l&rsquo;avanc\u00e9e du projet<\/strong> et nous demandent si et quand c&rsquo;est possible de passer pour donner un coup de main ?<br \/>\nIl y a toujours quelque chose \u00e0 faire \u00e0 <em>l&rsquo;escargot tranquille<\/em>. Nous vous proposons donc de <strong>nous contacter directement afin d&rsquo;organiser votre venue<\/strong>. Nous pourrons discuter ensembles des possibilit\u00e9s. Nous pr\u00e9f\u00e9rons les petits groupes (plus facile d&rsquo;\u00e9changer et moins compliqu\u00e9), c&rsquo;est pourquoi nous n&rsquo;organisons plus de grands chantiers sauf cas exceptionnels.<br \/>\nSelon la saison, le temps et les travaux en cours, nous pourrons ainsi\u00a0 jardiner, construire, entretenir le terrain etc.<br \/>\nNous sommes en g\u00e9n\u00e9ral disponibles les lundis, mardis et parfois les week-end<\/p>\n<p>Merci de ne pas venir \u00e0 l&rsquo;improviste afin de vous accueillir au mieux.<\/p>\n<p>Vous pouvez nous joindre<br \/>\n<strong><em>par t\u00e9l\u00e9phone (Gwendal : 07.82.63.29.29) <\/em><\/strong><br \/>\n<strong><em>ou par email : gwendal.bazin@netc.fr<\/em><\/strong><\/p>\n","protected":false},"excerpt":{"rendered":"<p>Certains d\u2019entre-vous souhaitent participer concr\u00e8tement \u00e0 l&rsquo;avanc\u00e9e du projet et nous demandent si et quand c&rsquo;est possible de passer pour donner un coup de main ? Il y a toujours quelque chose \u00e0 faire \u00e0 l&rsquo;escargot tranquille. Nous vous proposons donc de nous contacter directement afin d&rsquo;organiser votre venue. Nous pourrons discuter ensembles des possibilit\u00e9s. &hellip; <\/p>\n","protected":false},"author":3,"featured_media":0,"parent":0,"menu_order":0,"comment_status":"closed","ping_status":"closed","template":"","meta":{"footnotes":""},"class_list":["post-134","page","type-page","status-publish","hentry","latest_post"],"_links":{"self":[{"href":"https:\/\/lescargot-tranquille.fr\/index.php\/wp-json\/wp\/v2\/pages\/134","targetHints":{"allow":["GET"]}}],"collection":[{"href":"https:\/\/lescargot-tranquille.fr\/index.php\/wp-json\/wp\/v2\/pages"}],"about":[{"href":"https:\/\/lescargot-tranquille.fr\/index.php\/wp-json\/wp\/v2\/types\/page"}],"author":[{"embeddable":true,"href":"https:\/\/lescargot-tranquille.fr\/index.php\/wp-json\/wp\/v2\/users\/3"}],"replies":[{"embeddable":true,"href":"https:\/\/lescargot-tranquille.fr\/index.php\/wp-json\/wp\/v2\/comments?post=134"}],"version-history":[{"count":0,"href":"https:\/\/lescargot-tranquille.fr\/index.php\/wp-json\/wp\/v2\/pages\/134\/revisions"}],"wp:attachment":[{"href":"https:\/\/lescargot-tranquille.fr\/index.php\/wp-json\/wp\/v2\/media?parent=134"}],"curies":[{"name":"wp","href":"https:\/\/api.w.org\/{rel}","templated":true}]}}